be a(-1). Suppose r - 16 = -2*i, x*i - 35 = -5*r + 5*i. Let g(d) = 2*d**3 - 12*d**2 - 4*d - 11. Is g(r) a composite number?
True
Suppose 26*f + 4*p = 24*f + 278, 568 = 4*f + 2*p. Suppose -6599 = f*n - 144*n. Is n composite?
False
Suppose -c - 670 = -2*s, 2*c = -s - 2*s + 991. Let a be ((-6)/(-7))/(86/301). Is (a - 8)/(-15)*s a composite number?
True
Let l(w) = -43*w**3 - 10*w**2 - 35*w + 19. Let a be (-92)/506 - (-64)/(-11). Is l(a) a composite number?
False
Suppose 3*s + 2*y = 106989, -5*y = 2*s + 2878 - 74215. Is s a prime number?
False
Suppose -10*c - 1869 = -13*c. Let y = c - -636. Suppose 0*w = -w + y. Is w composite?
False
Let q = -102490 + 431477. Is q a prime number?
False
Let o(t) = 123*t**3 + 11*t**2 - 30*t - 13. Is o(10) a prime number?
True
Let c(k) = 23 + 8*k + 29 + 24*k**2 - 80 + 21. Let b be 4 + -1 + 3 + -3 + 0. Is c(b) prime?
True
Suppose 5*j - 3*u = 103, -3*u + 97 = 13*j - 8*j. Suppose -10*b = -j*b + 17110. Is b prime?
False
Let b = 217 - 217. Suppose 44864 = 3*p + n - b*n, -p + 3*n + 14948 = 0. Is p a composite number?
True
Suppose 5*j + 10 = 0, 52 = l - 0*j + 4*j. Let k be -2 - ((-2)/15 - 472/l). Suppose -13982 = -4*g - 0*z - 2*z, -k = 2*z. Is g a composite number?
True
Suppose 2*b - 3*k - 83 = 0, -3*b + 95 = 5*k - 39. Let n(j) = 48*j + 7532. Let f be n(-140). Suppose 39*i - b*i = -f. Is i composite?
True
Suppose -374*m - 379*m + 767*m - 6208846 = 0. Is m prime?
True
Let k(w) = -39775*w + 762. Is k(-5) a prime number?
True
Suppose -38*z = 55*z - 8471091. Is z a prime number?
False
Suppose -40*s - 70 = -50*s. Is (-5 + s)*2*(-3898)/(-8) a composite number?
False
Let l(i) = -19*i**3 - 2*i**2 - 2*i + 1. Suppose -5*w = -7*w + x + 32, 0 = -w + x + 14. Let r = w + -20. Is l(r) composite?
False
Let q = 872150 + -506689. Is q prime?
True
Suppose -10*r + 20*r - 20 = 0. Suppose o + 12*u = 8*u + 4181, -4*o + r*u + 16814 = 0. Is o composite?
False
Let q(t) = 2*t + 28. Let u be q(-18). Let h(b) = -b + 4. Let w be h(u). Is w/4 - -1*886 a composite number?
True
Suppose 5*s - 919057 = f, 3*f = 2*f - 2. Is s composite?
True
Let c(o) = -34*o**2 - 4*o + 16. Let t(y) = 33*y**2 + 3*y - 16. Let j(k) = -3*c(k) - 2*t(k). Is j(5) prime?
False
Suppose -4*d + 9*d - 66801 = -4*c, -d = -1. Is c a composite number?
False
Suppose -792969 = -10*o - 177339. Is o composite?
True
Let i = -15291 + 15296. Let q = -167 - -273. Suppose 2*c = i*c, 2*d - c = q. Is d prime?
True
Is 112691 + (186/(-124) - 10/4) composite?
False
Let z(x) = 4*x - 25. Let y be z(7). Suppose -y*s - 10 + 19 = 0. Is (2 - s) + 973 - 1 a composite number?
False
Let m = 2065 - 900. Is m composite?
True
Let d(b) = 8*b**2 - b - 4. Let f be d(2). Suppose -83315 = -f*v + 7*v. Is v composite?
True
Let k(v) = 20*v**2 - 7*v + 1. Let j be k(-12). Suppose -j - 614 = -5*z - 2*n, z = -n + 714. Is z a prime number?
False
Suppose -34 = 8*s + 70. Let a(r) = 104*r**2 - 7*r - 10. Is a(s) a composite number?
False
Let g be (-14)/140 - 107558/20. Let j = g - -9321. Is j composite?
False
Let c = -213459 + 331756. Is c composite?
False
Let j be (-1)/(1 + (-4)/3). Suppose -5*n - 2*p + 43301 = 0, j*n = -5*p + 24069 + 1904. Is n prime?
False
Let x(n) = -7 - 20*n**3 - 7 + 11*n + 50*n**3 + 0. Is x(5) composite?
True
Let a = 136604 + -50151. Is a a prime number?
True
Let f(h) = h**3 + 12*h - 2*h**2 + 12 + 4*h**2 - 2*h**3. Let m be f(-14). Suppose 6*x - m = 2*x. Is x prime?
False
Suppose -289*p - 6420940 = -293*p. Is p prime?
False
Let p = 1 - -2. Suppose 2*h + 2*f - 27 = -9, h - 3*f = -p. Let o(t) = 49*t - 27. Is o(h) a composite number?
True
Let i(f) = 93*f - 17. Suppose -2*u + 9 + 1 = 0. Let c(m) = -47*m + 9. Let d(v) = u*c(v) + 3*i(v). Is d(2) prime?
False
Suppose 5*l - 2*h - 5549 = 0, 3*l - 2*h - 2216 = l. Let k = 526 + l. Is k prime?
True
Suppose -v - 1 = -4*c - 0, c + 4*v + 21 = 0. Let q(u) = u**2 - u. Let t(h) = -1342*h**2 - 3*h. Let i(f) = c*t(f) + 4*q(f). Is i(-1) a composite number?
True
Let b = -351190 - -528881. Is b a prime number?
True
Let z = -753 - -1421. Let o = 1169 - z. Is o prime?
False
Suppose -163*z = -2*s - 168*z + 2010543, 2010537 = 2*s - z. Is s a prime number?
True
Suppose -516*a + 147296 = -500*a. Is a prime?
False
Suppose -47*v + 96*v = 22*v + 1887813. Is v prime?
False
Suppose 5*a = 8*a - 5*p - 16529, 0 = -3*a + 7*p + 16519. Let i(x) = 181*x**2 - 10*x - 2. Let d be i(7). Let t = d - a. Is t a prime number?
False
Is (-46256904)/(-540) + 1/15 a prime number?
True
Suppose 0 = -2*a - 4*u + 4864, -u - 13598 = -4*a - 3906. Suppose 4*k - 273 = -b + a, 2*k + 2*b - 1356 = 0. Is k a prime number?
True
Let n be 6/30 + -2*(-31)/(-10). Is (-15 + 7 - n)/((-2)/641) a prime number?
True
Let c = 11283 - 362. Suppose 0 = -3*s + 5*p + 10886, 17*p = -3*s + 15*p + c. Is s composite?
False
Let s = -1179 - -2077. Suppose 3*h - 1493 = s. Is h a prime number?
True
Suppose 1246 = 3*z + 3028. Let q be (195/(-42) + 160/140)*-350. Let b = z + q. Is b prime?
True
Let k(z) = 120*z**2 - 3984*z + 31. Is k(-37) composite?
True
Suppose 6*u + 4*u = 120. Let a(y) = 39*y - 7. Let n(s) = -1. Let k(t) = a(t) + 3*n(t). Is k(u) prime?
False
Let s(o) = -2*o + 4. Let t(d) = -591*d - 154. Let y(f) = -6*s(f) - t(f). Is y(9) a prime number?
True
Let c = -290 + 305. Is 1697 + ((-40)/c)/((-6)/(-9)) a prime number?
True
Let z(c) = 707*c**3 - 162*c**2 - 16*c + 1. Is z(8) composite?
True
Suppose 0 = -3*m - 3*t - 507, -m + 4*t = -t + 145. Let k = 328 - m. Is k a prime number?
False
Suppose o - 155807 = 186*f - 187*f, 3*o = -4*f + 467415. Is o a prime number?
False
Let r be (((-19044)/7)/3)/(7/(-49)). Suppose m - 2*h - 3172 = -5*h, -2*m = 2*h - r. Suppose -k + m = 4*k. Is k prime?
False
Let o(k) = 120*k**2 + 3*k + 4. Let g be o(3). Suppose 2*u - g = -i, -10*u + 12*u + 4342 = 4*i. Is i composite?
False
Let h(j) = 0 - 6 + 39 - 3*j. Let s be h(9). Suppose -3107 = -s*p + 739. Is p composite?
False
Let k = -42 + 45. Suppose -k = 2*j + 5, -2*g + 4*j + 10778 = 0. Is g prime?
True
Suppose -346*t = -204*t - 6942806. Is t a composite number?
True
Let l(h) = 53*h - 5. Let q be l(8). Let k = -9 - -41. Suppose -31*u = -k*u + q. Is u a composite number?
False
Let i be ((-9)/(-6))/(5 - 18/4). Suppose d = -2*k + 5281, -5*k - 271 = i*d - 16110. Is d a prime number?
True
Suppose -10*s - 45 = -25*s. Is (s + 909)/4 - -5 - 0 a composite number?
False
Suppose 0 = t + j - 41739, -166956 = -4*t - 9*j + 7*j. Let z = t + -27976. Is z composite?
False
Let d(y) = y**3 + 8*y**2 + 2*y + 16. Let j be d(-8). Let m be 4 + j - (-32)/(-8). Suppose -4*b - 1453 + 12329 = 4*o, m = -o. Is b a prime number?
True
Let j = 3488504 + -2469159. Is j prime?
False
Suppose 2*y = 14 - 0. Let o = -5065 + 4159. Is o/(-3)*7/y prime?
False
Let x(s) = 43*s**2 + 58*s + 35. Is x(-22) a prime number?
True
Suppose 0 = 32*b + 152173 - 1164749. Is b a prime number?
True
Let v = 69789 + -41146. Is v a prime number?
True
Let h = -92324 + 181245. Is h prime?
False
Let c(l) = -2115*l + 18907. Is c(-38) composite?
False
Let i be (-16)/12*6/(-4). Is (-8 - (-2 - 6)) + (i - -689) prime?
True
Let o = -1001 - -4014. Suppose -34*w = -11*w - o. Is w composite?
False
Suppose -11937*f + 660270 = -11907*f. Is f a prime number?
False
Let f be 224/21 + (4 - 44/12). Let v(g) = 130*g + 69. Is v(f) composite?
False
Let j = 7364 + -1166. Let l be (-2)/((-20)/j) + 3/15. Let u = l + -327. Is u a composite number?
False
Let y be 5097 - ((-10)/2 + 15 + -7). Suppose y + 6407 = 7*n. Is n a prime number?
False
Suppose 0 = -242*d + 187*d + 53999165. Is d composite?
True
Suppose 4*u - 9*u = -15. Let o(x) = x**3 + 77*x**2 - 91*x - 642. Let g be o(-78). Suppose -3*p + g = -3*c, 3*p - u*c = 4*p - 136. Is p a prime number?
True
Let g be -1 + 0 - (3 + -3)/(-5). Is (g - 6980)*28/(-84) composite?
True
Let p(x) = -2481*x - 188. Let t = -133 + 127. Is p(t) prime?
False
Let n = 85556 + 39603. Is n composite?
True
Suppose 0 = -4*z - w + 2*w + 7, 2*z + 9 = 3*w. Suppose 10*x = -21*x. Suppose x = 2*y - z*c - 4997, -y + 0*c = c - 2506. Is y a composite number?
False
Let g = -106 - -50. Let f = g + 61. Is (2 - -1160) + (f - 4) composite?
False
Let r(k) = k**3 - 2*k**2 + 4*k - 5. Let u be r(2). Suppose o - 2*o + 15 = u*x, 5*o - 55 = -5*x. Is (-17043)/(-27) - 2/o a prime number?
True
Let r(v) = 23695*v**3 + v**2 + v. Let t be r(1). Suppose -t =